 What is the highest common divisor of 4346 and f?
106
Let t(d) = 100*d + 3822. Let w be t(-34). What is the greatest common divisor of w and 14981?
211
Suppose 4*r + s = 2*s + 1, -3*s = -r + 14. Let o(t) = -13*t - 11. Let q be o(r). What is the greatest common factor of q and 9?
1
Suppose 7*d - 69 = 78. Suppose -15*a = d*a - 756. Calculate the greatest common divisor of a and 56.
7
Suppose -31*w + 33*w - 3319 = -3*x, 3313 = 2*w + 5*x. What is the greatest common divisor of w and 26?
26
Suppose -5*y + 52536 = 2*w, 28*y + w - 52533 = 23*y. Calculate the greatest common factor of y and 51.
51
Suppose 0 = -5*g + 4*w + 92, -g - w = g - 42. Let l = 31 - g. Let h(i) = i**2 - 8*i + 23. Let t be h(13). What is the highest common divisor of l and t?
11
Let g(i) = 379*i + 3. Let m be g(1). Let o = m - 208. What is the highest common factor of o and 6?
6
Let h be (-1)/4 - (-249)/4. Suppose 0 = -45*b - 6642 + 5777 + 25975. Calculate the greatest common factor of h and b.
62
Let d be 1/((-4)/(-48))*(-5)/60*-69. Calculate the greatest common factor of 345 and d.
69
Let n = 3655 + -3213. Calculate the greatest common divisor of n and 170.
34
Suppose -5*s = -15, 5*z + 4*s + 7650 = 2*z. Let u be z/(-5) + (-88)/110. Calculate the highest common divisor of u and 17.
17
Suppose -3*v + o - 25 = -1098, -2*v + 727 = o. What is the greatest common divisor of 1332 and v?
36
Suppose 4*f = -2*w + 3 + 41, 0 = w - 4*f + 2. Let d = -34 + 454. What is the greatest common factor of w and d?
14
Suppose 3*y = 5*w - y - 95, 2*w - y - 35 = 0. Let f be (-1 - 5/(-3))*-3 - -548. Suppose -f - 129 = -15*g. Calculate the highest common factor of g and w.
15
Let a be 333442/1015*14 + (-1)/5. What is the greatest common divisor of a and 146?
73
Let x = -53 + 88. Calculate the highest common factor of 511 and x.
7
Suppose -4*p + 982 = -2*q, 0*q + 4 = -4*q. Let x = 316 - 147. Let t = 267 - x. What is the highest common factor of t and p?
49
Let h = 35 + -13. Suppose 0 = -14*x + 16*x - 32. Let d be (x/12)/(10/1155). Calculate the highest common factor of h and d.
22
Let p(r) = -2*r**3 - 4*r**2 + 2*r + 4. Let b be 5/30 - (-2 - 861/18). Let s = b - 53. Let q be p(s). What is the greatest common divisor of q and 40?
8
Let p = 64 - 19. Let c be ((-8)/48)/((-13)/6 - -2). Let m be c/3 + -39*(-10)/45. What is the greatest common factor of m and p?
9
Suppose 0 = -2*o + q - 6*q + 415, 5*o = -2*q + 1069. Let c(y) = -4*y - 7. Let x be c(-34). What is the greatest common divisor of x and o?
43
Let m = -17264 + 17321. What is the greatest common divisor of 418 and m?
19
Let p(b) = 29*b**2 - 5*b + 15. Let r be p(-3). What is the highest common factor of 1552 and r?
97
Suppose 0 = 5*d - 656 + 576. Calculate the highest common divisor of 620 and d.
4
Let h(s) = 525 + 3*s + 531 + 2*s - 1083 + 2*s. Let m be 6/21 + 150/14. Let r be h(m). Calculate the highest common factor of 20 and r.
10
Suppose 2*d = -4*p + 132, 2*d = 5*p + 583 - 388. What is the greatest common divisor of d and 1250?
10
Suppose 34 = m - 151. Calculate the greatest common divisor of 74 and m.
37
Let v(w) = 60*w**3 - 3*w**2 - w - 2. Let r be v(2). What is the greatest common factor of 240 and r?
16
Suppose 8458*p - 510 = 8452*p. Let z(o) = o**3 + o**2 - o + 93. Let x be z(0). Let q = -59 + x. What is the greatest common divisor of p and q?
17
Suppose -5*h + 96 = -3*h. Let s(i) = 11*i - 155. Let q be s(15). Suppose -k + 2*k = 3*w - 13, -5*w = -4*k - q. What is the highest common factor of w and h?
6
Let b be (-2550)/(3 - -3) - 6/(-2). Suppose 0 = 5*a - 26 + 106. Let k be 6/a + b/(-16). What is the highest common factor of 104 and k?
26
Let g(p) = 8*p**2 + 7*p. Let k be g(-2). Calculate the greatest common divisor of 1278 and k.
18
Suppose 5*o - 450 = 6*o. Let i = o + 456. What is the greatest common factor of i and 78?
6
Let m(j) = 94*j - 22. Let q = -98 - -100. Let o be m(q). Let i = o + -62. Calculate the highest common factor of 13 and i.
13
Let z(s) = -6*s**3 - s**2 + s - 2. Let t be z(-2). Let p(a) = -a**3 + 65*a**2 - a + 125. Let g be p(65). Calculate the highest common divisor of t and g.
20
Let h = 174 + -177. Let d be (h + (-4 - -13))/1 + 1. Calculate the highest common factor of 21 and d.
7
Suppose -t = 4*f - 825, 595 = 510*f - 507*f - 4*t. What is the highest common divisor of f and 9143?
41
Let p be (-2 - -1)*-275*1 + -2. Suppose -2059*s + 2043*s + 1248 = 0. Calculate the highest common divisor of p and s.
39
Let s be (3 - 5) + -3 + 3 + 2. Suppose n + 5*f - 4 + 13 = s, n = 3*f + 7. Let l = 6 + n. Calculate the highest common factor of l and 14.
7
Let r be -2 + 345/6 - (-2 - 21/(-6)). Calculate the highest common factor of r and 474.
6
Let b(z) = 6*z - 18. Let y be b(7). Let n = 195 - y. What is the greatest common factor of n and 9?
9
Let a be 1/((6/132)/((-45)/(-6))). Suppose 28*f = 23*f + a. Suppose 0*k = 3*k - f. What is the greatest common divisor of 55 and k?
11
Let i = 718 - 348. Suppose -3*l - 9*w + 35 = -14*w, w = 3*l - 31. Calculate the highest common divisor of l and i.
10
Let b = 139 - 134. Suppose i = -b*i + 108. Calculate the greatest common divisor of 72 and i.
18
Suppose 214574 = 102*l + 12818. What is the greatest common divisor of 43 and l?
43
Suppose g + 733 = 3*w + 5*g, -2*w = -g - 507. Suppose w = 2*x + 59. Let m be (25 - 28)/((3/(-4))/3). What is the greatest common divisor of x and m?
12
Let z = -2278 - -2566. Calculate the highest common divisor of z and 960.
96
Let h(o) be the third derivative of 2*o**5/15 + 7*o**4/24 - 19*o**3/2 + 23*o**2. Let b be h(4). Calculate the greatest common divisor of 11 and b.
11
Let w be (-577 + 575)/((-2)/12). Calculate the greatest common divisor of w and 1036.
4
Let a = 42 + -47. Let k be a + (4 - 0) - (0 - 1). Suppose k = -5*r + 10, -3*r + 94 = 2*f + 2*r. Calculate the greatest common factor of 28 and f.
14
Suppose -5*q = -2*a - 380, -2*a = 3*q + 3*a - 197. Suppose -4*z = -1566 - q. What is the highest common divisor of z and 10?
10
Let x = 9762 - 9749. What is the greatest common divisor of 18837 and x?
13
Let z(f) = f**3 + 24*f**2 + 137*f + 4. Let o be z(-13). What is the greatest common factor of 16 and o?
2
Suppose -5*a = -4*s - 0*a + 38, -5*s = -a - 58. Suppose s*n + 24 = 14*n. Let q(v) = 3*v - 3. Let o be q(5). Calculate the greatest common divisor of o and n.
12
Let p(n) = 8*n**2 - 11*n + 26. Let v(m) = -7*m**2 + 11*m - 30. Let d(r) = -6*p(r) - 7*v(r). Let o be d(11). What is the highest common factor of o and 108?
54
Let j = -9000 + 9005. Let g(a) = -a - 4. Let h be g(-9). Suppose m + 9 = q - 26, -m + h = 0. Calculate the highest common factor of q and j.
5
Suppose -5*s + 13810 = 2*y, s - 4*y - 1220 = 1520. Calculate the highest common factor of 30 and s.
30
Suppose 3*j = -29*d + 32*d + 363, -117 = -j - 3*d. Let y be (1 - -4)*-1 + (-126)/(-6). Calculate the greatest common divisor of j and y.
8
Let l = -2492 + 2777. Calculate the highest common divisor of 45 and l.
15
Let b(k) = -k**3 + 12*k**2 + 3*k + 6. Let g be b(12). Let n be (-6)/8*-8 - 7. Let u be (-1220)/(-10) - 4/n. What is the greatest common divisor of g and u?
42
Let q = -2238 - -4428. Calculate the highest common divisor of q and 15.
15
Let y be ((-18)/(-15))/((-3)/(-70)). Suppose -y*r = -32*r + 3168. Suppose -5*d + 2*d = -r. Calculate the highest common divisor of d and 24.
24
Let w = -100 - -238. Suppose -116 + w = 2*l. Let m(s) = s**3 - 9*s**2 - 21*s - 7. Let c be m(l). Calculate the greatest common factor of 28 and c.
4
Suppose 4*m - o = 113, 86*o - 81*o = -5*m + 110. Let n = 140 + 373. Calculate the highest common divisor of n and m.
27
Let g(w) = w**3 - 2*w**2 - 2*w + 6. Let i be g(3). Suppose -i*v + 587 = -565. Let z = v - 86. What is the greatest common divisor of z and 14?
14
Let a = -190 - -130. Let p be 6 - a/4 - 1*4. Suppose 0 = 2*r - 2*z - 212 - 94, 0 = -r - z + 153. Calculate the greatest common divisor of p and r.
17
Suppose -4*q = -2*f - q + 201, -7*f + 5*q = -698. Calculate the greatest common factor of 3597 and f.
33
Let y(u) = -256*u**3 - u**2 + 2*u + 2. Let v = -144 - -143. Let t be y(v). Calculate the greatest common factor of 15 and t.
15
Let a = 140 - 96. Let z = a + -46. Let r(t) = -5*t**3 - 2*t - 4. Let i be r(z). What is the greatest common divisor of 8 and i?
8
Suppose 17